t the prime factors of m(3).
2, 3, 7
Suppose -2*q = 4*f - 72, -f + 38 = q - 0*f. Let i = -27 - -6. Let r = q + i. What are the prime factors of r?
19
Suppose -24*v + 122228 + 9940 = 0. List the prime factors of v.
5507
Suppose -14 = -2*u - 18. Let r(d) = -76*d - 3. List the prime factors of r(u).
149
Suppose -3*p + 2*p = 3*i - 1556, 2*i - 1041 = 3*p. What are the prime factors of i?
3, 173
Let u = -1447 + 2143. What are the prime factors of u?
2, 3, 29
Let k(z) = z + 14. Let o be k(-8). Let x(y) = y**2 - 3*y + 11. What are the prime factors of x(o)?
29
List the prime factors of ((-351)/15)/((-11)/(20020/21)).
2, 3, 13
Let a = -1215 + 2137. List the prime factors of a.
2, 461
Let g be ((-10)/(-2 - -1))/2. Let s = -68 - -71. Suppose s*c = 7 + g. What are the prime factors of c?
2
List the prime factors of (39/6)/(-8*6/(-3360)).
5, 7, 13
Let b(r) = 5*r**2 - 11*r - 9. What are the prime factors of b(-10)?
601
Let k(s) = 1 + s**3 - 4*s + s + 0*s - 6 + 20*s**2. What are the prime factors of k(-20)?
5, 11
Suppose -37*x + 102858 = 5*x. List the prime factors of x.
31, 79
Suppose 5*t = 4*p - 3*p + 2145, 0 = 3*t - 5*p - 1309. What are the prime factors of t?
2, 107
Suppose -b = -t - 9, 0*t + t + 25 = 5*b. Suppose -b*r + 25 = 17. Suppose -3*k = r*n + n - 93, 0 = 3*n + 2*k - 93. List the prime factors of n.
31
Suppose 162*v - 152*v - 11940 = 0. List the prime factors of v.
2, 3, 199
What are the prime factors of -4*(14/(-4) + (-1)/2)?
2
Let v = 117 - 118. Let o be 0 - 0 - (2 - -1). What are the prime factors of v/(o/48*2)?
2
Let y be (-2)/2 - (-66)/1. Suppose -7*k + y + 19 = 0. Let r(v) = v**3 - 11*v**2 - 7*v - 3. What are the prime factors of r(k)?
3, 19
Suppose 4*f = -9*f + 3744. Let q = f + -46. What are the prime factors of q?
2, 11
Suppose -2*y + 3*c = -278, 219 = -3*y + 2*c + 646. What are the prime factors of y?
5, 29
List the prime factors of 26/78*(-15)/(-1).
5
What are the prime factors of (0 + -4 - 1) + (-757864)/(-122)?
3, 2069
Suppose -3*x + x + 12 = 0. Suppose -3*p - 3*k + 2 = -k, -3*k - x = 0. Suppose -p*n = 3*u + 11 - 83, -3*u - 6 = 0. List the prime factors of n.
3, 13
Suppose -5*b = 44 - 154. What are the prime factors of b?
2, 11
Suppose -56*a = -64*a + 6632. What are the prime factors of a?
829
Let a = -3 + 7. Suppose 2*v - 4*v - 4 = -2*l, -a*v + 24 = 4*l. Suppose -l*c = -51 - 1. List the prime factors of c.
13
Suppose -6*s = -17 - 7. Suppose -3*v - 2*v = -3*t - 378, 2*v - 140 = s*t. List the prime factors of v.
2, 3, 13
Suppose -2*c + 6 = c. Let f be (-6*23)/((-2)/3). Suppose -5*z + f = -c*z. What are the prime factors of z?
3, 23
Let b = 3 - 0. Suppose -b*g + g = 0. Suppose 2*k - 22 = -2*f, -3*f + 8*f + k - 63 = g. List the prime factors of f.
13
Let n = -16 + 7. List the prime factors of (-645)/10*6/n.
43
Let m = -335 + 635. Let r = -147 + m. List the prime factors of r.
3, 17
Let q be ((-3)/(-12))/((-2)/(-16)). Let x = 3 - q. Suppose 5 = z - x. What are the prime factors of z?
2, 3
Let l(k) = -k**2 - 6*k - 11. Let z be l(-5). What are the prime factors of ((-296)/z)/(-8*(-1)/12)?
2, 37
Let s be (-36)/(-8)*(3 - 1). Suppose -9 = 8*r - s*r. List the prime factors of r.
3
Let h be 2/(-9)*-3*(33 + 51). Suppose -6*d + 2*d + h = 0. What are the prime factors of d?
2, 7
Let q = -552 + 784. Let b = q - 141. List the prime factors of b.
7, 13
Let f(i) = -i**3 + 6*i**2 - 5*i - 24. List the prime factors of f(-7).
2, 3
Let g = -85 - -141. Suppose 5*w + 3*u - 400 = 0, -g - 100 = -2*w - 2*u. What are the prime factors of w?
83
Let u(b) = 46*b**3 + 5*b**2 + 3*b - 17. What are the prime factors of u(2)?
13, 29
Suppose 0*i - 5*i + 15 = 0. Suppose 3*y - 2*a + 2 = 0, -16 = -4*y - i*a + 4. Suppose -3*n + t = -16, -2*t + y - 4 = 0. List the prime factors of n.
5
Let h(z) = 2*z**3 - 81*z**2 + 49*z - 95. List the prime factors of h(41).
5, 719
List the prime factors of 20/(-12)*4398/30*-15.
5, 733
Let p(a) = a**3 - 2*a + 1. Let o be p(2). Suppose -74 + 974 = o*g. What are the prime factors of g?
2, 3, 5
Let a be (-16)/(-1 + -1) + -4. Let y(u) = -u + 3 + 4*u + a*u. List the prime factors of y(2).
17
Suppose -5*v + 49 = 3*n + 452, -3*n = -4*v + 439. Let q = -76 - n. List the prime factors of q.
5, 13
Let r = -59 - -102. Let v = r - 4. List the prime factors of v.
3, 13
Let q(h) = -6*h - 18. Suppose 5*d + 2 - 42 = 0. Let w = -1 - d. What are the prime factors of q(w)?
2, 3
Let h be (-14)/8*-2*98. Suppose -h = -7*v - 63. What are the prime factors of v?
2, 5
Suppose -1930 = -7*s + 1703. What are the prime factors of s?
3, 173
Let p be (-50)/(-13) + (-16)/(-104). Suppose j + p*f = 32, -4*j + 5*j = -2*f + 28. List the prime factors of j.
2, 3
Let u = -40 - 46. Let c = u + 121. What are the prime factors of c?
5, 7
Let b = -270 - -148. Let q = -70 - b. List the prime factors of q.
2, 13
What are the prime factors of (-6)/2 + (-299)/(-1)?
2, 37
Suppose 2*k + 354 = 4*k. Suppose k = 7*f - 4*f. List the prime factors of f.
59
Let d be (3/(-2))/((-8)/(-16)) + 3. Suppose d*h - 105 = -7*h. List the prime factors of h.
3, 5
Let r = -26 + 23. Let x(w) = -w. Let s be x(r). Suppose 9*c - 162 = s*c. List the prime factors of c.
3
Suppose 48 = d - 17. Suppose -3*v - 2*v = -d. What are the prime factors of v?
13
Suppose -788 = -71*a + 67*a. What are the prime factors of a?
197
Let c = -11 + 4. What are the prime factors of 58 + c + 1 + 2?
2, 3
Suppose 0*x = 2*x - 12. Suppose -x*k + 335 = -k. What are the prime factors of k?
67
Suppose 5*z + 6*u - 2490 = 7*u, 2*z - 996 = -2*u. What are the prime factors of z?
2, 3, 83
Let t = -245 - -811. What are the prime factors of t?
2, 283
Suppose -3*k = -0*k + 84. What are the prime factors of (-348)/k - (-9)/(-21)?
2, 3
Let w be (-12)/(-15)*2625/2. Suppose 0 = 7*q - q - w. What are the prime factors of q?
5, 7
Suppose a - 20 = 20. Suppose -a = -3*z - 16. Suppose 0 = -z*f + 9*f - 43. List the prime factors of f.
43
What are the prime factors of ((-4244)/(-32))/((-10)/(-80))?
1061
Suppose -5*o + 14 = -3*o + 2*v, 16 = 2*o + 4*v. Let i be -9 + o*-1 + 3. List the prime factors of 9/i*(-1 - 15).
2, 3
Let o(k) = 22*k + 62. What are the prime factors of o(24)?
2, 5, 59
List the prime factors of (-16)/(-6) + 6/18 + 217.
2, 5, 11
List the prime factors of 2*((-9378)/(-4))/9.
521
Let y(g) = -16*g**3 + 2*g**2 + 4*g. Suppose -16 = 3*m - 5*l, -m = 3*m + 4*l. What are the prime factors of y(m)?
2
Suppose 0 = 2*j + 2*j + 32. List the prime factors of (-7)/((-28)/j) + 1 + 61.
2, 3, 5
Let r = -9 + 8. Let p be r/((-3)/(-15)*-1). Suppose -p + 26 = 3*h. What are the prime factors of h?
7
Suppose -4*m = 2*n + 14, n = 4*m + 4*n + 13. Let h = m + 9. Suppose h*i + 20 = 10*i. List the prime factors of i.
2
Suppose 0 = -2*s + 171 - 19. Let d(v) = v - 1. Let p be d(3). Suppose 2*u - 80 = -3*y, 7*y - 4*y - p*u - s = 0. What are the prime factors of y?
2, 13
Let y be (-1)/2*3*-10. Suppose 0 = -5*m + y, 3*i + 2*i = -2*m + 956. List the prime factors of i.
2, 5, 19
Suppose 0 = -23*v + 15766 + 771. List the prime factors of v.
719
Suppose -30*a = -16*a - 7504. What are the prime factors of a?
2, 67
Suppose -4*i = -33 + 13. List the prime factors of ((-532)/(-8) - i)/(6/20).
5, 41
Suppose 19 = c + 17. Suppose -3*s = -c*s - 91. What are the prime factors of s?
7, 13
Suppose 0*l + 5*z - 709 = -3*l, 0 = -5*l + 2*z + 1192. Suppose -5*p + 3*r + l = -374, 3*r = 3*p - 366. List the prime factors of p.
3, 41
Let u = -6458 + 10006. List the prime factors of u.
2, 887
Suppose -2*j - 3 = 1. Let q = 3 - j. Suppose 3*n = q*n - 16. List the prime factors of n.
2
Let p = -30 + 31. What are the prime factors of (p - 30/26) + (-3762)/(-117)?
2
Let n = 1342 - 617. List the prime factors of n.
5, 29
Let s be -227 + 12/4 - 2. Let t = s + 454. What are the prime factors of t/8 - 1/(-2)?
29
Suppose -4*o + 4*x + 44 = 0, -2*o + 34 = -0*o + 2*x. Let t = o + -17. What are the prime factors of t/9 + 184/12?
3, 5
Let o(i) = i**3 + 2*i**2 + 6*i + 4. Let k be o(4). Suppose 0 = -4*x + 12 + k. What are the prime factors of x?
2, 17
Suppose -3*i + 144 = -0*i. Let f be 12 + 30/(-225) + 86/(-30). Let a = i + f. List the prime factors of a.
3, 19
Let u = 348 + 8. Let l = -144 + u. List the prime factors of l.
2, 53
Let h(r) = 78*r**2 - r + 6. Let x be h(2). Suppose 2*k - x = -2*k. What are the prime